s of v(4).
2, 6871
Suppose 4*b - 5*t - 31968 = -3*t, 4*b = 4*t + 31968. Suppose 10*g - b = 2*g. List the prime factors of g.
3, 37
Let a(f) = 13687*f - 145. What are the prime factors of a(2)?
73, 373
Let j(h) = -171*h**3 + 15*h**2 + 63*h - 23. List the prime factors of j(-4).
10909
Let z = -141 - -314. What are the prime factors of z - -1 - -5*(-7)/35?
173
Let c(u) = 323*u**3 + 72*u**2 - 355*u + 30. List the prime factors of c(6).
2, 3, 5, 1171
Let z be 10*(-3)/18*-1797. Suppose 2*w + 4*b - 3*b - 1202 = 0, -5*w - 5*b + z = 0. What are the prime factors of w?
3, 67
Let f(x) = -1535*x + 2778. List the prime factors of f(-34).
2, 6871
Let x(w) = 3. Let g(h) = 42*h - 22. Let a(m) = -g(m) + 6*x(m). List the prime factors of a(-2).
2, 31
Let p = 48842 + -41890. What are the prime factors of p?
2, 11, 79
Suppose -2*f - 3*w = 68, -4*f + 3*f - 34 = 5*w. List the prime factors of f/(-221) + (-8134)/(-26).
313
Suppose 3*l + 6 + 0 = 0. Suppose 99*a - 30775 = -7411. What are the prime factors of a*(l/(-4) - 3/12)?
59
Let v(h) = 111*h - 153. List the prime factors of v(13).
2, 3, 5, 43
Let b = 1934 + -1168. Suppose 0 = -3*f - 3*j + 762, -b = -14*f + 11*f - 5*j. List the prime factors of f.
2, 3, 7
What are the prime factors of 2576/(-161) - (0 + -14714)?
2, 7349
Suppose 36 = 5*z + 911. Let s = z - -284. What are the prime factors of s?
109
Let z = -11020 + 11028. Let q = 218 + -146. Let p = q + z. What are the prime factors of p?
2, 5
Let m(y) = y**2 - 21*y + 53. Let s be m(21). Suppose 0 = -2*w + 59 - s. Suppose -b + g + w*g + 64 = 0, 3*b = -5*g + 107. List the prime factors of b.
2, 11
Let x(t) = 3445*t + 110. List the prime factors of x(4).
2, 3, 5, 463
Let z(v) = -11*v**3 + 3*v**2 - 4*v + 2. Let h be z(2). Let x = h + 139. Let o = x + 27. What are the prime factors of o?
2, 3, 7
Let y(c) = -2*c**2 - 21*c + 1. Let s(q) = -q**2 - 3*q + 8. Let u be s(-4). Let w be (2/u)/(61/(-20) - -3). List the prime factors of y(w).
11
Let t(v) = v**2 - 3*v - 8. Let o = 112 + -99. List the prime factors of t(o).
2, 61
Let i = 7521 - 448. What are the prime factors of i?
11, 643
Suppose -775929 - 987522 = -123*k. List the prime factors of k.
3, 59
Suppose -4*d + f - 146 = 966, -2*d - 574 = -5*f. Let x = 452 + -531. Let g = x - d. List the prime factors of g.
2, 3, 11
Let o(v) = 1477*v**2 - 97*v - 449. List the prime factors of o(-5).
23, 1607
Let z(v) = v**3 + 49*v**2 + 94*v - 41. List the prime factors of z(-41).
41, 233
Suppose 4*c - 17 = -5*i - 5, 0 = 3*i - 2*c + 6. What are the prime factors of i + 504 - (-1 - -3)?
2, 251
List the prime factors of -14 + 10 + 6 - (-6695 + 1).
2, 3, 31
Let v be 20/(-2) + 4 + 5171. Suppose -20*q - v = -25*q. List the prime factors of q.
1033
Let p be -16 + -5 + 0 + (-3 - -6). Let g be 58/p - (-18)/81. List the prime factors of 172 - (2/g)/(7/42).
2, 11
Suppose -15*u = 5*h - 8*u - 136272, -2*h + 4*u + 54468 = 0. List the prime factors of h.
2, 3, 19, 239
Suppose 9*m = 14*m + 730. Let x = m - -215. List the prime factors of x.
3, 23
Let g(c) = c**3 - 5*c**2 - 5*c + 1. Let u be (-2)/(-6)*(7 + 11). Let v be g(u). Suppose 2*s + v = -x + 90, 3*x + 24 = s. List the prime factors of s.
3, 13
Let p = 3 + -7. Let z(a) = -a**3 + 10*a**2 - a + 2. Let s(t) = 2*t**3 - 20*t**2 + 2*t - 5. Let n(m) = p*s(m) - 7*z(m). What are the prime factors of n(8)?
2, 3, 7
Suppose 2*d + 27378 = 5*d. Suppose -73*g = -46*g - d. What are the prime factors of g?
2, 13
List the prime factors of (-1 + (-1)/(-4))*-1948.
3, 487
Let l(p) = p**3 + 19*p**2 + 34*p - 11. Let b be l(-17). Let t(i) = -167*i + 62. What are the prime factors of t(b)?
3, 211
Suppose -5*n + 5*i + 30 + 15 = 0, 7 = -n - 3*i. Let w = 3742 + -6422. List the prime factors of 6/14 - n/(175/w).
7, 11
Let h = -144 + 745. Suppose -4*w - 3*y = -110 - h, 2*y + 546 = 3*w. List the prime factors of w.
2, 3, 5
What are the prime factors of -9 - -7 - -1252*(-115)/(-10)?
2, 59, 61
Let v = -99 - -106. Suppose -4*r = t - 1194, 6*t + r + 1179 = v*t. What are the prime factors of t?
2, 3, 197
What are the prime factors of (-24 + 213048/48)*(-6)/(-1)?
3, 109
Let j be (0/(1*(6 - 5)))/(-2). Suppose -8*u + 4105 + 1831 = j. What are the prime factors of u?
2, 7, 53
Let l(n) = n**2 + 22*n + 25. Let m be l(-21). Suppose m*i = -4*c + 1196, 2*i - 6*i + 3*c = -1168. List the prime factors of i.
5, 59
Let k be 3/((-21)/7)*1. List the prime factors of (23/((-161)/(-210)))/(k/(-9)).
2, 3, 5
Let o(m) = -30*m**2 - 2*m + 11. Let p(t) = 91*t**2 + 7*t - 31. Let k(j) = 8*o(j) + 3*p(j). Let d = -2 - -4. What are the prime factors of k(d)?
137
Let r = 63 - 19. Let z(s) = r*s**3 - 1 - 21*s**3 - s**2 - 9*s - 16*s**3 - 13*s**3. What are the prime factors of z(-3)?
179
Let j(h) = -1011*h - 1296. List the prime factors of j(-9).
3, 17
Let f = -91 - 145. List the prime factors of f/(-17) + (-28)/(-238) + 0.
2, 7
Let g = -5571 - -12589. List the prime factors of g.
2, 11, 29
Let k(o) = -7282*o + 106. List the prime factors of k(-1).
2, 1847
Let z(k) = 10*k**2 - 49*k + 1046. List the prime factors of z(-69).
17, 3061
Let v(m) = 2*m**3 + 31*m**2 - 14*m + 35. Let u be v(-16). Suppose -5*i + 559 = u*j, 2*i + 0*j + 4*j = 218. What are the prime factors of i?
113
Let l = 80888 + -25784. What are the prime factors of l?
2, 3, 7, 41
Let r be (-2)/(-1) - (54/(-9))/(-3). Let j(k) = 12*k + 330. List the prime factors of j(r).
2, 3, 5, 11
Let o be 78/4*(-10)/(-15). Suppose -5*u + 5040 = o*u. List the prime factors of u.
2, 5, 7
Let v be ((-19899)/(-165))/(0 - (-3)/10). Let h = -174 + v. List the prime factors of h.
2, 3, 19
Let j(n) = n**3 - 2*n**2 - 2*n + 2. Let l be j(3). Suppose l*c + 211 = -0*c - r, 3*c = 2*r - 124. Let u = c + 57. What are the prime factors of u?
3, 5
Let z = -321 - -318. List the prime factors of -184*z*2/6.
2, 23
Let t(n) = n**2 - 3*n - 5. Let p be t(5). Suppose -10*j - p = -11*j. Suppose -5*k + 2*v + 204 = -3*k, k + j*v - 132 = 0. List the prime factors of k.
107
Suppose d - 15 = -5*t, -2*d + 11 - 21 = 0. Suppose -25 = 5*v, -4877 = -t*m - 0*v + 5*v. What are the prime factors of m?
1213
Let g(j) = 53*j**3 - 10*j**2 - 21*j + 47. Let l(w) = -18*w**3 + 3*w**2 + 7*w - 16. Let a(z) = -2*g(z) - 7*l(z). What are the prime factors of a(3)?
2, 3, 11
Suppose -2*c + 107 = -393. Suppose 207*a + c = 212*a. List the prime factors of a.
2, 5
Suppose 0 = -4*n - 12, 0*n - 26 = 2*k - 2*n. Let z(j) = j**2 - 5 + 37*j - 24 - 24*j. What are the prime factors of z(k)?
19
Suppose -g + 4*g + 13 = -n, -2*g = -2*n + 14. Suppose -h = 4*u + 14, 2*h - u = n*u + 5. List the prime factors of (4/(-10))/(h/250) + -4.
2, 23
Let n = -35495 - -49993. What are the prime factors of n?
2, 11, 659
Suppose 2*c = -y + 7, -y - 2 = -4*c + 3. Let w = 2565 + -2560. Suppose z - w = -2*k, 0*k = -c*z + 4*k + 34. What are the prime factors of z?
11
Let j(p) = -16*p + 10*p**2 + 10*p + 11*p - 5. Suppose -k - 5*b - 8 = 0, 0*k - 2*k - 4*b - 4 = 0. What are the prime factors of j(k)?
3, 5
Let i = -5 + 14. Suppose 5*u = 20, -l + 4 + i = 4*u. Let f(w) = -39*w - 15. List the prime factors of f(l).
2, 3, 17
Let d = -28 + 6. Let u = d + 23. List the prime factors of 95 - (u - -1 - 5).
2, 7
Let r be (48/(-16))/(-1 + 0). What are the prime factors of 24/(3 + r)*53?
2, 53
Let s(k) = -5*k - 95. Let a be s(-19). Suppose a = u + 3*j - 366, 0 = 2*u + j + 2*j - 717. List the prime factors of u.
3, 13
Suppose 30432 = -294*r + 298*r. List the prime factors of r.
2, 3, 317
Suppose -4*x + 4*a = 72, 3*x - a = 5*x + 42. Let d be 6/9 + x/(-6). Suppose y - d*y + 24 = 0. What are the prime factors of y?
2
Let g be -20*(-1)/(-5)*95/(-38). What are the prime factors of (116/6)/(g/150)?
2, 5, 29
Suppose 2*g - 12 = -2*g. Let h be -3 - ((-4568)/(-6))/((-4)/6). Suppose m + s = -41 + 272, h = 5*m - g*s. What are the prime factors of m?
229
Let y(x) = x**3 - x**2 + x + 1. Suppose -v + 4*v = -2*s + 42, 14 = s - 2*v. Suppose -s*j - 3 = -19*j. What are the prime factors of y(j)?
2, 11
Let t be (-15)/6*(-4 + 156/30). Let c(p) = p**2 - p + 1. Let n(y) = -2*y**3 + 6*y**2 - 2*y + 11. Let r(k) = -5*c(k) + n(k). List the prime factors of r(t).
2, 3, 5
Suppose 0 = -3*j - 5*k + 6698 - 645, -j + 2051 = -5*k. What are the prime factors of j?
2, 1013
Suppose -346092 = -185*p - 144476 + 2727674. List the prime factors of p.
2, 3,